 4)
4
-2 + -2 - (-3 - (-5 - -2))
-4
Calculate (0 - -4) + -49 + 44.
-1
What is (-1 - 0) + -4 + (-2 - -6)?
-1
Calculate -5 + -1 + 1 + 3 + -4.
-6
What is the value of (3 - 9) + 10 - 10?
-6
Evaluate -12 - ((5 - 13) + 2).
-6
What is -11 - (-6 + (3 - (-3 - -6)))?
-5
Calculate 10 + (-9 + 5 - 3).
3
Evaluate -2 + -2 + (-22 - -27).
1
-1 + -1 - (15 - 23)
6
What is the value of 3 - (0 - (-3 + (-1 - -2)))?
1
What is 5 - -3 - (0 + 14 + -4)?
-2
Evaluate (4 - -2) + (14 - 23).
-3
-2 + (10 - (-4 + 13))
-1
(-7 - -11 - 7) + 1 + 4
2
What is the value of -3 + (4 - -3 - 1)?
3
Calculate -4 + 6 + 3 + -10.
-5
What is the value of 1 + 2 - (-26 + 24)?
5
What is the value of 9 + -1 + -10 + -6?
-8
6 - (-5 - (13 + -15))
9
Calculate -2 - (-1 + 2 - (2 + -2)).
-3
What is -1 - (-2 + -1 + 2)?
0
What is the value of 5 + (2 - 3 - -1)?
5
Evaluate -11 - ((-15 - -6) + (2 - -2)).
-6
(-3 - -4) + -5 + 7
3
-18 - -23 - (-2 + (5 - 4))
6
Evaluate 1 + 0 - (-5 + -4 - -12).
-2
What is 8 + (3 - (0 - 4 - -9))?
6
Calculate -5 - (-1 - 1 - 1).
-2
Calculate 7 - (2 - -1 - -6).
-2
What is the value of 8 - 6 - (-9 + 4 + 8)?
-1
Evaluate 1 + (-2 - (1 - 4)) + 1.
3
What is 36 + -6 - 9 - 12?
9
Calculate 1 - (-1 + -1 + 5) - -2.
0
What is the value of -13 - -4 - -12 - (0 - 0)?
3
0 + -3 + 7 + -4 + -1
-1
What is (0 - -1) + 2 + 0 + -7?
-4
-111 + 102 - (0 + -8)
-1
What is -3 + (1 + 2 - (0 - 1))?
1
What is the value of -7 + (0 - (-1 + -4))?
-2
What is -16 - -4 - (-36 + 21)?
3
Calculate 6 + (0 - 2) + 3 + -4.
3
What is 34 - 42 - (-3 - 0 - 2)?
-3
Evaluate -1 + 4 + (0 - 1).
2
5 + (-3 - -2) + 7 + -6
5
0 + 4 + -7 + 5
2
Evaluate 5 - (12 + -1 + -4).
-2
What is the value of 0 + -4 - (-7 + 8)?
-5
Calculate 0 - 1 - 2 - (-2 - 1).
0
-61 - -54 - (-2 - 3)
-2
What is the value of -4 + -1 + (-1 - -1)?
-5
(1 - 6 - 1 - 1) + 2
-5
Evaluate -1 + 1 - (16 - (-1 + 10)).
-7
Calculate -4 + (-3 - -14) + -5.
2
Calculate -3 + 1 + -23 + 36 + -17.
-6
What is 2 + 5 + -9 + 3?
1
-11 + 6 - (-18 + 5 + 5)
3
(-7 - -2 - -5) + -3
-3
What is 4 - 4 - -4 - 0?
4
What is (0 + 15 - 9) + (-1 - -5)?
10
What is the value of 2 - (-1 + (0 - -1))?
2
What is (1 - 0) + 38 + -34?
5
Calculate 6 + (-3 - (18 + -9)).
-6
What is 1 + -2 - (-18 - -6 - -7)?
4
Evaluate -2 + 3 + 2 + (-5 - -6).
4
1 + (3 - 3) - (24 + -19)
-4
-5 + 9 + 1 + -1 + -5
-1
(-4 - 0) + 1 + -1
-4
What is the value of -3 + 2 - (-2 + 2 - 3)?
2
What is -11 + 6 + 9 + 0 + 1?
5
-1 + -2 + 3 + -1 + -4
-5
What is -1 + (-2 - (-9 - -1))?
5
Evaluate 9 + (-2 + 4 + -6 - 0).
5
Calculate -31 - -36 - (-1 - -8).
-2
What is -2 + 9 + (1 - 1) - 4?
3
Calculate (-13 - -1) + 10 - (-1 + 1).
-2
What is -5 + (-6 - (-11 - 7))?
7
Evaluate 8 + -14 - (-5 - 1).
0
What is -6 + (-2 + -2 - -5)?
-5
Calculate (-10 - (1 - 9)) + 0 + -5.
-7
11 - 1 - (-33 - -37)
6
What is 7 + (-1 - 1) - -3?
8
What is the value of -2 + 5 + -1 - 4?
-2
What is 1 + 0 + (-7 + 5 - -11)?
10
Calculate 2 + 1 + -3 - -4.
4
What is -7 + 9 - 4 - -3?
1
(-6 - -3) + 5 - -2 - -2
6
What is the value of 1 + 9 + (-68 - -63)?
5
What is the value of 5 + -3 - (-7 + 4)?
5
What is -4 + (-3 - (-8 - -6))?
-5
Calculate -20 + (19 - -4) + -1 + 2.
4
What is (-4 - -4) + (-11 - (6 - 12))?
-5
Evaluate (-2 - 0) + -3 + 7.
2
Calculate (-3 - 2) + 4 + -1 + 5.
3
Evaluate 0 + -3 + 5 + -4 + 6.
4
What is the value of -9 + (2 - -6 - 3)?
-4
Calculate 0 + -4 + (3 - -6).
5
What is the value of 4 + (1 - (12 - 3))?
-4
Evaluate 0 + -8 + (-15 - (-20 - 1)).
-2
What is the value of (-4 - (11 - 0) - -4) + 4?
-7
What is 8 - ((0 - -5) + 0)?
3
(-7 - 1) + (4 - 0)
-4
3 - (5 - -2 - 4)
0
What is 2 + 7 + (-1 - 15)?
-7
What is 0 + (2 - -4 - 2) + -4?
0
Evaluate 3 + 2 + 1 + -7.
-1
What is 11 + -6 + -13 + 14?
6
Evaluate -17 + 7 - (-5 - 14).
9
Calculate (0 + 9 - 6) + -1.
2
What is the value of -1 + 3 + -3 + -1?
-2
Evaluate 0 - -4 - (-3 - (-4 + 1)).
4
What is the value of 136 + -119 + (0 - 9)?
8
What is the value of -2 + 12 + (-8 - -3)?
5
What is the value of 2 + 4 + -2 + 2 + -1?
5
What is the value of 6 + -6 + (-1 - (3 + -1))?
-3
What is the value of (1 + 1 - -1) + (9 - 16)?
-4
What is the value of 14 - (13 + 2) - 4?
-5
What is the value of -1 + 0 + (1 - -3)?
3
Evaluate 6 + (-18 - (1 + -11)).
-2
What is the value of -3 + -1 + (-2 - -2)?
-4
Evaluate (-4 - 1) + (6 - 5) + 0.
-4
Evaluate 6 + -1 + -1 + -14 - -3.
-7
Evaluate -141 + 145 + 0 + 0 + 0.
4
What is (1 - (4 + (2 - 7))) + -2?
0
Calculate (3 - 4) + (-4 - -4 - 0).
-1
What is 7 - 6 - (-1 + -2 + 5)?
-1
What is the value of -6 + 10 + -9 + 4?
-1
Evaluate -17 - -16 - (-2 + 0 + -1).
2
What is the value of -1 + 9 + -10 + 4?
2
What is the value of -1 - (2 + -5 + 4 + -2)?
0
Calculate (-2 - -9 - 0) + (17 - 19).
5
(-11 - (-1 + -8)) + 3
1
Calculate -6 - (11 + -18 - (1 + -3)).
-1
Evaluate 0 - -1 - (3 + -1).
-1
5 - (2 - (0 - 7))
-4
What is -4 + (0 - -6) + 3?
5
What is the value of 1 - 0 - (8 + (-4 - -1))?
-4
What is the value of 8 + (-5 + 3 + -3 - -2)?
5
What is 4 + 6 + (15 - 30)?
-5
-2 + -1 + 5 - (16 + -20)
6
What is the value of -6 - -11 - 2 - (4 + 6)?
-7
What is the value of 3 + -10 + 6 + -7?
-8
What is the value of 3 + 3 + 2 - 10?
-2
What is (13 - 8) + 0 + 1 + -4?
2
(-7 - (2 + -6)) + (2 - -3)
2
Evaluate 11 + -1 + (-21 + 8 - -9).
6
What is the value of 1 - (-2 + 6 + -3 + 2)?
-2
Evaluate 10 + -28 + 13 + -4.
-9
(-5 + 3 - -7) + -12
-7
Calculate -3 + (8 - (1 - -9)).
-5
What is the value of (22 - 20) + (2 - 5)?
-1
Evaluate -5 + (7 - 7) + 1.
-4
Evaluate -4 + (5 - 1) + 0.
0
What is -4 + 14 + (-4 - 6)?
0
Evaluate 1 + -1 + 3 - -1.
4
Evaluate 3 - 7 - -3 - (1 - 2).
0
Evaluate 1 - (10 + (-4 - 9)).
4
What is -1 + -2 - (-16 + 17) - -6?
2
What is the value of (4 - 1 - 5) + 23 + -20?
1
1 + (1 - (1 + 3)) + 4
2
What is the value of -1 + -2 - -2 - -5?
4
What is the value of 1 + (-1 - (-9 - -4)) + -11?
-6
What is 2 + 0 - (2 + 1)?
-1
What is the value of 0 + -3 - (23 - 23)?
-3
-3 - (4 + (-4 - 4))
1
What is the value of -3 - (4 - (-2 - -5))?
-4
2 + 1 + 0 + 1
4
What is 3 + 6 + -1 + -1 + -2?
5
What is (-20 - -21 - -1) + (-10 - -1)?
-7
Evaluate 4 + (-6 - -7) - 1.
4
(10 - 2) + (-8 - 5)
-5
Calculate (5 - (8 - -2)) + (-2 - -6).
-1
What is the value of 0 + -2 + -48 + 55?
5
80 + -71 - (0 + 0)
9
What is -7 - 0 - 1 - -9?
1
Evaluate 0 - 6 - (-1 - 2) - 1.
-4
Evaluate 20 + -4 + -6 + -3.
7
What is the value of (3 - (-2 - -1)) + (14 - 22)?
-4
-2 - (1 - 0 - (-1 + 3))
-1
Calculate 1 - (4 - 0 - 6 - -2).
1
What is the value of 2 - (1 - (-3 - -3) - -3)?
-2
What is 7 - (23 - 7) - (-1 + 2)?
-10
-2 - (-2 - (2 + -1 + -1))
0
What is the value of -5 + 0 + 2 + -1?
-4
(-1 - -6) + -15 - -6
-4
-3 + 0 + 2 + -2
-3
What is the value of -3 + 1 - 1 - (17 - 16)?
-4
Evaluate (-5 - -1) + -1 + 6.
1
What is the value of (-11 - (-8 + 0)) + 0?
-3
Evaluate -1 + -2 - (3 - 7).
1
Calculate -9 - (0 + -5 + 0).
-4
Calculate 4 + -11 - -3 - -4.
0
0 + -1 + -3 + 2 + -1
-3
What is 0 - (7 - (-6 - -10))?
-3
What is the value of (-2 - (0 + -1 - 0)) + 3?
2
What is the value of 4 + 6 + -12 - -5?
3
Evaluate 2 + (-4 - -1) - 2.
-3
What is the value of -9 + -1 - -1 - -15?
6
What is the value of -2 - (-2 - (3 - 0))?
3
Evaluate 10 - -1 - (-28 + 15 - -16).
8
Calculate 16 + -4 + -7 + -1 + -6.
-2
What is the value of -6 - -12 - (10 + 3 + -7)?
0
What is (1 - (-6 + 0)) + 3 + -3?
7
Evaluate 2 - (3 - 6 - (-9 - 3)).
-7
What is the value of -4 + 2 - (0 - 2)?
0
What is (-1 - -7 - 2) + -7?
-3
What is the value of -233 + 224 - (-1 + (0 - 2))?
-6
Calculate 4 + -3 + -3 + -3.
-5
What is the value of (3 + -6 - -5) + -4 + 0?
-2
-4 + 3 + (5 - 10) - -7
1
9 + -2 - (15 - 3 - 8)
3
What is -13 + (-7 + 6 - -5) - -2?
-7
Calculate -2 + (2 - 8 - -3).
-5
Calculate -1 + (-2 - -1 - -1 - 5).
-6
What is -3 + 3 + -3 + 6?
3
4 + (0 - ((4 - 4) + 0))
4
What is the value of -12 + (-4 - -3 - -4) + 0?
-9
Evaluate 10 + 1 - (-28 - -40).
-1
What is the value of (2 - 5 - (-2 - 2)) + 2?
3
What is 1 + 2 - (-3 - -2) - 4?
0
Calculate 2 - (-2 - (-2 - -4)) - 1.
5
Evaluate (-4 - -4) + 0 - -3.
3
Calculate 1 - (-5 + -7 + 17 - 2).
-2
What is the value of (-243 - -236) + (14 - 0)?
7
-9 + 0 - (-3 + -1)
-5
-12 - (0 + -6) - -8
2
Calculate (1 - 2) + (1 + 4 - 5).
-1
What is the value of (-3 - 6) + 10 - 1?
0
-3 + ((0 - -2) + -3 - -3)
-1
What is the value of -1 - (5 - 15) - (-1 + 5)?
5
What is 3 + -3 + -4 - -2?
-2
What is the value of (-3 - -3 - -1) + -1?
0
What is the value of -3 - (-25 + 20 - (-9 + 0))?
-7
Calculate 2 - 3 - 1 - -7